 digit of v(-3)?
1
Let q be (-2 + (3 - 2))*-5. Let b be q*(-1 - (-9)/(-5)). Let i = 21 + b. What is the units digit of i?
7
Let x(q) = -38*q - 2. Let k be x(-1). What is the tens digit of 3 + k/(-2 + 5)?
1
Suppose 4*d = 3*x + 2, 3*x + 34 = -4*d - 0*d. Let u be (32/x)/((-12)/126). Suppose 5*a - a - u = 0. What is the units digit of a?
4
Let m = -10 + 14. Suppose -m - 4 = -4*r. What is the units digit of r?
2
Let m be 1/(-2) + (-15)/(-6). Let q be (-1)/(18/8 - m). What is the units digit of (0 - (q - -2)) + 2?
4
Suppose 5*q + 4*v - 36 = 0, -5 = 3*q + v - 21. Suppose q*a + 107 = 5*p, -4*a + a = 9. What is the units digit of p?
9
Suppose -4*c = 5*b + 9, 0*c - 3*b = -5*c - 39. Let d(x) = -x - 4. Let j be d(c). Suppose j*u - 4 - 7 = -g, 0 = -5*g - 4*u + 31. What is the units digit of g?
3
Suppose 2*p - 3*p - 2 = 4*z, 3*p + 6 = -z. Let t = 1 - z. What is the units digit of t?
1
Let l be -1 - (-5)/2*2. Suppose 0 = 3*j - k - l*k + 5, 0 = -5*j + k + 21. Suppose -7 = -w + j. What is the tens digit of w?
1
What is the tens digit of 4/8*74*1?
3
What is the units digit of 45/6*(-12)/(-9)?
0
Let m = 79 + -4. What is the tens digit of m?
7
Let f be -1*(0 + 0 - -2). Let a = 2 + f. Let o = 3 + a. What is the units digit of o?
3
What is the tens digit of 63 + (0/5 - 3)?
6
Let v be (-1)/2 - 9/(-6). Let s be 3/v + -1 + 1. Suppose 3*b = s*m + 27, -5*m - 13 = -2*b + b. What is the units digit of b?
8
Let f = -87 - -124. What is the units digit of f?
7
Let i = -2 + 2. Let y be 12/3 + i + 0. Suppose y*o = 1 + 39. What is the units digit of o?
0
Suppose j - 4 = 3*l + 5, -5*j + 2*l + 45 = 0. What is the units digit of j?
9
Suppose 2*x - 5*x = -15. Suppose 2*m = -3*m + x*w + 100, -3*w = m. What is the units digit of m?
5
Let x be (45/6)/(2/4). Let q = -29 + x. What is the units digit of 16/7 + 4/q?
2
Let z(o) = o**3 + 8*o**2 - 10*o - 5. Let y be z(-9). Suppose 0*u - y*u = -44. What is the tens digit of u?
1
Suppose 2*h - 91 = -5*g + 4*h, 2*g + 3*h = 44. What is the tens digit of g?
1
Suppose 0 = -4*a + 4*w + 8, 2*a - w - 6 + 0 = 0. Suppose -a*m + 4 + 8 = 0. Suppose k + m - 4 = 0. What is the units digit of k?
1
Let x(a) = -9*a**3 - 2*a**2 + 4*a + 3. What is the hundreds digit of x(-3)?
2
Let x(k) = -9*k**2 + 4*k + 2. Let t(h) = 4*h**2 - 2*h - 1. Let u(w) = -13*t(w) - 6*x(w). What is the units digit of u(-2)?
5
Suppose 0 = -2*z + 3*z - 2*h - 91, z + h - 76 = 0. Suppose -5*f = -2*d - 155, 2*f - z = -0*f - 3*d. What is the units digit of f?
3
Let a(f) = -f**3 + 7*f**2 + 2*f. What is the tens digit of a(7)?
1
Suppose -z = t - 12, -5*z = 2*t + 3 - 27. Suppose 0 = -0*f - 2*f + t. Let l = 10 - f. What is the units digit of l?
4
Let w = -5 + 10. Suppose 6*m - 7 = -2*x + m, -3*x = w*m - 23. Let g = -11 + x. What is the units digit of g?
5
Let x = -40 + 59. Suppose -a = -4*l - x, -2*a - 3*l - 14 = 2*l. What is the units digit of (14/4)/(a/6)?
7
Suppose -88 = -3*w - 25. Let u be w + 0 + (-3 - -2). Suppose -3*c = -2*t - 22 + 6, 3*c = -2*t + u. What is the units digit of c?
6
Let f(y) = -y**2 + 14*y - 10. Suppose 0 = -2*r + 5*c - 4, 48 = 2*r + 3*r + 2*c. What is the units digit of f(r)?
8
Let j = 774 + -516. What is the units digit of j?
8
Suppose -6*z = -z - 150. What is the tens digit of z?
3
Let v = 0 + 4. Let p be (-2)/(2 - v)*0. Suppose 3*z + 15 = 0, p = i + z + 2 + 2. What is the units digit of i?
1
Let f(a) = a**2 - 8*a + 6. Let t be f(-4). Suppose -16*b = -15*b - t. What is the units digit of b?
4
Let w be -1 - (2/2 + -7). Suppose v - 22 - 18 = -z, -z = -w*v - 58. What is the tens digit of z?
4
Let o(m) = -11*m - 7. Let a(p) = 4*p + 2. Let f(s) = -8*a(s) - 3*o(s). Suppose 2*h = -4 - 4. What is the units digit of f(h)?
1
Let d(z) = -z + 11. What is the units digit of d(-9)?
0
Suppose -5*t = 5*d + 5, 4*t + 4*d = 7*d + 17. Let l(x) = 2*x**3 + 3*x**2 - 3*x. What is the units digit of l(t)?
2
Suppose -z = 1 + 4. Suppose -a - 12 = 4*b + 23, 3*b + 30 = -2*a. Let y = z - b. What is the units digit of y?
3
Let p(y) = y**3 + 7*y**2 + 2*y - 6. Let i be p(-6). Suppose n - 7*h = -2*h, 4*h = -n + i. What is the tens digit of n?
1
Suppose -p - 25 = -0*p - 5*d, 5 = p + d. Suppose 3*u + 2*b - 30 = p, -u + 3*b + 0*b + 10 = 0. What is the tens digit of u?
1
Suppose 5*y + 0*i - 2*i - 915 = 0, 0 = -3*y - 3*i + 528. What is the tens digit of y?
8
Let i = -33 - -48. What is the units digit of i?
5
Suppose -3*z = -3*v + 39, -2*z = 2*z + v + 32. Let t = 29 + z. What is the units digit of t?
0
Let l(h) = 5*h - h**2 - 1 - 18*h - 13. Let z(u) = u + 1. Let t(v) = -l(v) - 6*z(v). What is the units digit of t(-7)?
8
Let a(p) = 15*p**2. What is the units digit of a(2)?
0
Let i = 7 - 10. Let w(q) = 3*q**2 - q. Let t be w(i). Suppose 0 = 4*v + 20, -4*c - 5*v - 11 = -t. What is the tens digit of c?
1
Let g be (-5)/(-3 + 2 + 0). Suppose 9 + 1 = g*b. Let x = 4 - b. What is the units digit of x?
2
Suppose f + 3*b = 3*f - 242, -3*f + b = -370. What is the tens digit of f?
2
What is the tens digit of 4 + -3 - -21 - 2?
2
Let m be ((-3)/(-5))/(2/10). Suppose 0 = 2*w + m*r - 3, -5*w + 20 = -4*r - r. Suppose -2*z - g = -z + w, 10 = -5*z - 4*g. What is the units digit of z?
2
Suppose 2 = c - 0. Suppose -5*z - 2 = 4*h - 17, 4*z + c*h = 6. Let g = 3 + z. What is the units digit of g?
2
What is the tens digit of (-2840)/(-50) + 1/5?
5
Let w(s) = 2*s**2 - 4*s - 26. What is the units digit of w(6)?
2
Suppose 0*s - 2*s = -22. What is the units digit of s?
1
Suppose -k - 8 = -3*k. Suppose -4*b = 5*z - 6*z - 42, 0 = -b + 3*z + 16. Suppose -b = -c - k*c. What is the units digit of c?
2
Suppose 6*z - 1937 = z + 2*j, 1936 = 5*z - j. What is the hundreds digit of z?
3
Let m(y) = -15*y**2 - 21*y + 23. Let h(f) = 7*f**2 + 10*f - 11. Let o(l) = 13*h(l) + 6*m(l). What is the units digit of o(-6)?
7
Suppose 0 = -2*t + 3*i + 5, i = -3*i + 4. Suppose -t*p - 10 = -2. What is the units digit of 9*(-1)/(3/p)?
6
Let k = -1 - 3. Suppose 5*l + 2*v = 14, l + 0*v + 8 = 5*v. What is the units digit of -5 - k - l*-1?
1
What is the units digit of (2 - 2)/2 - -50?
0
Let r be 8 + 3 + (1 - 2). Let h(b) = b**3 - 9*b**2 - 9*b + 3. What is the units digit of h(r)?
3
Let c(w) = w**2 - 6*w - 4. What is the tens digit of c(8)?
1
Let h(j) = -j**3 - 4*j**2 + 4*j - 2. Let k be h(-5). What is the tens digit of (-6 + k)*(-22)/6?
1
Suppose x = -3*x + 4. Suppose -d + 26 = -4*b + 5, 2*d - 2 = -2*b. Let r = x + d. What is the units digit of r?
6
Let x(v) = -v**2 - 13*v. Let t be x(-12). Let f = t + 1. What is the tens digit of f?
1
Suppose -258 = 17*a - 5239. What is the hundreds digit of a?
2
Let w(f) = -9*f + 6. What is the units digit of w(-3)?
3
Suppose 5*w + 527 = 2*q - 152, -q + 2*w + 338 = 0. What is the hundreds digit of q?
3
Let q be 10/(-65) - (-444)/13. What is the units digit of q - (0 - (0 - 1))?
3
Suppose 2*a - 5*b - 40 = 0, 2*a + 2*b - 128 = -2*a. Suppose 0 = -17*g + 14*g + a. What is the tens digit of g?
1
Let h(t) = -t + 6. What is the units digit of h(-15)?
1
Suppose -7 = -5*u + 3. What is the units digit of u/(-1)*9/(-2)?
9
Let z = -12 + 4. Let f(g) = -7*g - 12. What is the tens digit of f(z)?
4
Suppose k + 1 = 0, 3*k - 226 = -5*y + 4*k. What is the units digit of y?
5
What is the tens digit of (-4)/4 + (-52)/(-2)?
2
Let k(r) = r**2 - 3*r - 2. Let i be k(-2). Suppose -2*y + 25 = -5*w, -3*w + i*w = -4*y + 5. Let u = 13 - y. What is the units digit of u?
8
Let m(g) = g**2 + 5*g + 7. Suppose 3*c = -o + 6*o + 23, o + 19 = -3*c. What is the tens digit of m(o)?
2
Let u = 168 + -97. What is the tens digit of u?
7
Let c(b) = b**3 - b - 1. Let w(q) = q**3 - 6*q**2 - 4*q + 1. Let o(n) = -2*c(n) + w(n). Let k be o(-5). Let u = 21 + k. What is the units digit of u?
9
Suppose 5*x + 78 - 438 = 0. What is the tens digit of x?
7
Let x(t) = 6*t + 7*t**2 + 6 - 4 - 6 + t**3. What is the units digit of x(-5)?
6
Let u(z) = -z**2 + 8*z - 5. Let n be u(7). Suppose 3*j + 5*x - n = -8, -2*j + 12 = -2*x. What is the units digit of j?
3
Let u(f) = 21*f. Let w be u(-1). Let l = -10 - w. What is the units digit of l?
1
Let q(w) be the second derivative of -1/20*w**5 + 2*w + 1/6*w**3 + 0 + 3/2*w**2 - 1/6*w**4. What is the units digit of q(-3)?
9
Let h = 10 - 8. Suppose -h*q + 10 = 3*q. What is the units digit of q?
2
Let a(f) = f**2 - 4*f - 5. Let k(h) = -h + 1. Let n be k